ue
Suppose 2*d - 6*d = 316. Suppose 688 = 3*w + 178. Let b = w + d. Is b a prime number?
False
Is 157*(2 - 4/4) a prime number?
True
Let w(d) = -d**2 - d. Let a be w(-1). Suppose -4*f - 5*l + 16 + 227 = a, -4*f + 293 = -5*l. Is f composite?
False
Let j = -47 + 154. Suppose -w + b + 17 = 5*b, -j = -3*w + 2*b. Let p = 38 + w. Is p a prime number?
True
Let v(t) be the second derivative of 85*t**3/6 - 3*t**2/2 - 3*t. Is v(4) a prime number?
True
Suppose -374*v + 378*v - 796 = 0. Is v prime?
True
Suppose 0 = b - 178 - 211. Is b a composite number?
False
Suppose -s - 3*t + 1076 = 0, 3*t = 7*t - 4. Is s a prime number?
False
Suppose 0 = 2*o - 5*o - 5*k + 4011, -5*o - 4*k = -6685. Is o prime?
False
Let h = 13 - 18. Is (1 - h)*(-11)/(-2) a composite number?
True
Let f = 1828 + -951. Is f composite?
False
Let i(q) = -q**2 + 4*q + 3. Let r be i(4). Suppose 0 = r*k + 2*k - 235. Is k a composite number?
False
Suppose 4*q + q - 12395 = 0. Let n = -1266 + q. Is n a prime number?
True
Suppose f = 3*f - 3*p - 7, 0 = f + 4*p + 13. Is (-1)/(f*1/59) a prime number?
True
Suppose 94 = 3*j - 56. Suppose -246 + j = -2*t. Suppose 2*c - t = -0*c. Is c prime?
False
Let c(h) = -4*h + 2*h + 20*h**2 + 3*h. Let w = 1 + -2. Is c(w) prime?
True
Let l(p) = 209*p + 23. Is l(6) a composite number?
False
Let l(u) = u**2 + u - 1. Let p be l(1). Is 1/(0 - p)*-133 a composite number?
True
Suppose -5*o - w = -933, 5*o - 2*w = o + 752. Is o a composite number?
True
Let l = 3 - 6. Let n(v) = -45*v - 4. Is n(l) composite?
False
Suppose -3*w + 3*j = 408, -3*w + 5*j - 545 = w. Let a = 198 + w. Suppose i - a = -2*i. Is i a prime number?
False
Let w be 0/(2/(-1)) - 2. Let f(d) = -12*d**3 - d**2 - 1. Is f(w) a composite number?
True
Let q be (2 + -1 + -1)/(-2). Suppose -5*s + 233 = -4*m, 2*m + q = -s + 55. Suppose -4*v - w = -s, 0 = 4*w - 6 + 18. Is v composite?
False
Let i(p) = 0*p**3 + 5*p - 3*p**2 - p**2 - 3 - 2 + 2*p**3. Is i(4) prime?
True
Suppose -17*c + 20*c - 9 = 0. Suppose 0*t - c*t = -2229. Is t a composite number?
False
Is ((-6 + 3)/6)/(2/(-4724)) a composite number?
False
Let i be 12/(-66) + (-105)/(-33). Suppose -214 = -i*k + 167. Is k composite?
False
Let d = -2 + 5. Suppose 0 = -b + 6 - 2. Suppose -d = b*u - 271. Is u composite?
False
Let z be 51/(0 - -3) + 3. Suppose -5*a + 82 = 3*g, -3*a + 7*a = z. Is g a prime number?
True
Suppose z + 3243 = 4*z. Is z prime?
False
Suppose -3*j + 8*f - 4*f + 223 = 0, -2*f = 5*j - 337. Suppose j = m - 14. Is m a composite number?
False
Let n = 9 - 10. Let p = 5 + n. Suppose -d = 3*d + 4*l - 1156, p*d - 5*l - 1192 = 0. Is d composite?
False
Let p = 29 + -20. Let i(q) = -q**3 + p*q**2 + q**3 - 9 + 8*q + 2*q**3 - 3*q**3. Is i(8) a prime number?
False
Suppose -a - 849 + 2978 = 0. Is a composite?
False
Suppose -h = 3*h - 8. Suppose -g = -h*g + 31. Is g prime?
True
Suppose -4*g - 2*u = -7*g - 457, -3*u = 5*g + 749. Let a = 60 - g. Is a a prime number?
True
Suppose -20545 = -5*m + 5*z, 5*z + 20092 - 3656 = 4*m. Is m a prime number?
False
Suppose 5*a + 2*a - 217 = 0. Is a a prime number?
True
Suppose -7 = -4*k + 1. Suppose -30 = -k*j + 68. Is j composite?
True
Suppose w + 1 = 0, 3*v + w - 173 = -3*w. Suppose 5*o - 59 = 2*d + 132, 5*d = -2*o + v. Is o composite?
False
Let y(g) = 3*g**2 - 8*g - 3. Let q(f) = f**2 + 6*f - 1. Let h be q(-7). Is y(h) prime?
False
Is (-2693)/(-2) - 16/32 a prime number?
False
Let j be -3 + 1 + 54 + 5. Suppose 4*q - 83 - j = 0. Is q + (2 - (0 + 0)) composite?
False
Let d(f) = f**2 + 8*f + 8. Let u be d(-6). Let y(h) = -h**3 - 4*h**2 - h - 4. Let o be y(u). Suppose 0*z - 80 = -4*k - 2*z, 5*k - 5*z - 115 = o. Is k composite?
True
Let r = -7 - -17. Let c(w) be the second derivative of w**4/12 - 7*w**3/6 - 7*w**2/2 - 2*w. Is c(r) a prime number?
True
Let w(t) = t**2 - 6*t + 6. Let h be w(4). Let s be -4*(48 + -2) - -2. Is (h/2)/(2/s) prime?
False
Is 10/7 + -1 - 186256/(-98) a composite number?
False
Suppose 3*i - 1870 = -4*u + 697, 5*i = -5*u + 3210. Is u prime?
True
Let t be (-1)/(-4) + (-490)/8. Let x = -124 - -6. Let b = t - x. Is b a prime number?
False
Suppose -2898 - 1457 = -13*t. Is t composite?
True
Let g(l) = l**3 - 4*l**2 + 2*l - 4. Let p(h) = -h**3 + 5*h**2 + h - 1. Let w be p(5). Let k be g(w). Suppose -4*y - 2*o = -44, k*o + 2 = 10. Is y composite?
True
Suppose -8 = 2*b - 4*x, -3*b - 5*x - 3 = b. Let g = 13 - 17. Is 46 + b/g*0 composite?
True
Suppose 0 = -4*q + 660 + 644. Is q composite?
True
Suppose 5*p + 121 = -234. Let w = p - -27. Let v = w - -81. Is v composite?
False
Suppose -9 - 1 = -5*m. Let i = -8 + 14. Suppose -m*d = -i*d + 444. Is d composite?
True
Let p(y) = -5*y - 9. Let w be p(8). Is (-3 - w)*1/2 a composite number?
False
Let a be (-40)/(-18) - 8/36. Is ((-447)/6)/((-1)/a) prime?
True
Let i = 204 + -85. Suppose 5*c = -4*s + 1610, -c + 194 = -s - i. Let b = c - 161. Is b a composite number?
False
Let z(y) = y. Let v be z(3). Let a(u) = -u**v + 9 - 7*u + 8 - 2 - u**2 + 6*u. Is a(0) prime?
False
Suppose -i - 329 = -f, -f + 19 + 318 = 3*i. Is f a prime number?
True
Let r be 2 + (2 - 3)*-1. Let k be ((-1)/(-3))/(r/36). Is (-1 + 6/k)*422 a prime number?
True
Suppose 4*x - 8200 = 4*q, -3*x + 5*q + 2927 = -3225. Is x a composite number?
True
Let v = -45 - -172. Is v a prime number?
True
Suppose 3*a - 3306 = 117. Is a a prime number?
False
Let r = 88 + -39. Is r prime?
False
Let r = 1641 - 850. Is r a composite number?
True
Suppose -4*o + 3*z = -6, 23 = 2*o + 3*o + 4*z. Suppose o*t + 2*a + 4 = 0, -t - 3*a = -3 - 5. Is ((-62)/t)/(1/4) a composite number?
True
Let w be 0 - (-4)/2*4. Let y(k) be the first derivative of -k**4/4 + 7*k**3/3 + 4*k**2 + 7*k - 3. Is y(w) composite?
False
Let t(h) = 10*h**3 - h**2 + 6*h + 1. Is t(2) a prime number?
True
Suppose 3*u + 4 = -u, 674 = r - u. Is r composite?
False
Let x be (1/2)/((-3)/6). Is x/(((-9)/267)/3) a composite number?
False
Is (7 - 7) + (-307)/(-1) composite?
False
Let m = -262 - -669. Is m prime?
False
Let n(r) be the first derivative of -3*r**2 - 2*r + 1. Let f be n(-2). Let s = f + 9. Is s prime?
True
Let o(r) = 2*r**2 + 16*r - 3. Is o(-12) a composite number?
True
Suppose 256 + 490 = 2*w. Suppose -3*n + 176 = -w. Is n a prime number?
False
Suppose 0 = -3*k + 49 + 110. Is k prime?
True
Let u be (-1)/(-4) + (-4)/16. Suppose -3*w = -u*w - 339. Is w prime?
True
Let w = 606 + -139. Is w a prime number?
True
Let b be (-33)/(-9) - 4/6. Suppose -f + 0 = -4, 0 = -4*y - b*f + 1184. Is y a prime number?
True
Let h = -1 - -3. Suppose t + 0*t = h. Suppose f + 37 = t*f. Is f prime?
True
Suppose -5*g + s + 14 - 6 = 0, 3*g - 3*s = 0. Let q = g - -1. Suppose 3*x - 2*i = -q*i + 107, 5*x + 3*i = 181. Is x composite?
True
Let z(w) = 21*w + 1. Let q(j) = -j. Let i(f) = -3*q(f) - z(f). Is i(-2) a prime number?
False
Suppose 0 = -5*k + 5*m - 75, m + 58 = -4*k + 6*m. Let y = k + 28. Let s = y - -26. Is s a composite number?
False
Is -1 - 0 - (-19 - 617) prime?
False
Let h = -512 + -3. Let g = h - -1000. Is g composite?
True
Let n = 2242 + -761. Is n a composite number?
False
Suppose 0*u - 313 = -u. Let b = u - 193. Let a = b + -77. Is a a prime number?
True
Let x(i) be the first derivative of -i**3/3 + 11*i**2/2 + i - 2. Let a = 21 - 12. Is x(a) a composite number?
False
Suppose -2*w + 1 = 3*x - 12, 5 = -5*w. Let b be 2/(-3) + (-646)/(-6). Suppose -x*c = -10, 5*c + b - 11 = 2*o. Is o a prime number?
True
Is 2 - -406 - -3 - 2 composite?
False
Let w be ((-3)/6)/(3/(-12)). Suppose 0 = -4*r + w*i + 6, -2*i + 11 = -r + i. Is 0 - -114 - (-3 + r) composite?
False
Suppose -4*p + 0 + 16 = 0, 2*p = 5*d + 148. Let j = -72 + d. Let w = 147 + j. Is w composite?
False
Suppose 54 = 4*x - x. Suppose -d = -3*d + 3*j + 17, 3*j - x = -3*d. Is d prime?
True
Let m(k) be the third derivative of -k**5/60 + 3*k**4/8 + 7*k**3/3 - k**2. Let p be m(10). Suppose -w + 191 = p*h, 3*w = -0*w - 15. Is h composite?
True
Suppose -2*u + 5*u + 2*w + 4 = 0, 0 = 2*u - 3*w + 7. Is u - (-2)/((-2)/(-17)) a prime number?
False
Let h = -10 + 7. Let s be -2*((-3)/(-6) + 1). Is h/(-9) - 284/s a prime number?
False
Let o(u) be the third derivative of -u**5/60 + 7*u**4/24 + 4*u**3/3 - u**2. Let l be o(8). Suppose 0*z + 4*z - 148 = l. Is z a composite number?
False
Let q = -124 + 36. Let v = -53 - q. Is v a prime number?
False